) = -30*b**3 - 99*b**2 + 6*b - 4. What are the prime factors of g(-5)?
17, 73
Let x(b) = 4*b**2 - 3 - b**2 - 5*b**2 - 4*b + b**2. Let i be x(-3). List the prime factors of 21/(i + 9/12).
2, 7
Let d(i) = -2*i - 8. Let h be d(-5). Suppose 2*j - 8 = 5*w + j, h*j = -w - 6. List the prime factors of ((-128)/20)/(w/5).
2
Let l(y) = -y**2 + 7*y - 3. Let b be l(7). Let o = 3 + b. What are the prime factors of 1 + (1 - -29) - o?
31
Let h = 1337 + -319. What are the prime factors of h?
2, 509
Suppose 6*i = 27*i - 987. List the prime factors of i.
47
Let u(q) = 12 + 9 + 5*q + 11. What are the prime factors of u(-6)?
2
Let o(k) = -4*k**3 + 9*k**2 + 18. Let v(r) = 7*r**3 - 19*r**2 - 35. Let f(h) = -5*o(h) - 3*v(h). What are the prime factors of f(12)?
3, 5
Suppose 0 = 4*r + 20 - 32. Suppose -r*n = -0*n + 90. Let u = n - -91. List the prime factors of u.
61
What are the prime factors of (10 + -5)*-1 - -534?
23
Suppose 0 = 3*s + 12, 4*g + 113 = 3*s - 275. Let h = 164 - g. List the prime factors of h.
2, 3, 11
Suppose 0 = -5*x - 20, -4*x + 5*x = 5*y - 6709. What are the prime factors of y?
3, 149
Let z = -1096 - -4413. What are the prime factors of z?
31, 107
Let p = -137 - -365. Suppose 17*l = -4*l + 2436. Suppose 3*w - 2*r - l = 2*r, -p = -5*w - 2*r. What are the prime factors of w?
2, 11
Suppose 4*o - 9 = 3*o. Suppose u + 2*p = -0*u + o, 3*p = u - 29. Let f = u - -26. List the prime factors of f.
43
Suppose -2*u = -3*u + 4*r + 20, 4*u - 28 = 3*r. Let k(b) = -b**3 + 4*b**2 + 2*b - 6. Let o be k(u). Suppose 0*c = -o*c + 48. What are the prime factors of c?
2, 3
Suppose 0 = -1735*b + 1734*b + 2238. What are the prime factors of b?
2, 3, 373
Let v = 1325 + 804. What are the prime factors of v?
2129
Suppose -105 = -3*t + 6. Suppose 163 - t = -3*g. Let a = g - -77. List the prime factors of a.
5, 7
Let f(u) be the first derivative of u**4/12 + 12*u**3 + 2*u**2 + 2. Let n(i) be the second derivative of f(i). What are the prime factors of n(0)?
2, 3
Let q(d) = d + 2 + 17 + 1. Suppose 50 + 41 = 13*v. List the prime factors of q(v).
3
What are the prime factors of 159 - ((3 - 4) + 2)?
2, 79
Let z(p) = p - 7. Let m be z(-6). Let g = m - -27. Let t = g + -8. List the prime factors of t.
2, 3
Let i be (-5)/(20/734)*-2. What are the prime factors of (-14)/(-63) - i/(-9)?
41
Let t(c) = 15 - 8 - 19*c + 1 - 3*c - c**2. List the prime factors of t(-20).
2, 3
Let i = -760 + 5145. What are the prime factors of i?
5, 877
Let h(u) = -u**2 - 15*u - 7. Let r be h(-5). Let m = r - 14. What are the prime factors of m?
29
Suppose -27603 - 23127 = -10*z. List the prime factors of z.
3, 19, 89
Let h(g) = g**3 - 11*g**2 + 19*g + 1. Let y be h(9). List the prime factors of (0 + 1110/(-12))*(-8)/y.
2, 37
Suppose -10 + 4 = -2*t. Suppose -4*q = -2*c + 250, -2*c + 129 + 86 = t*q. What are the prime factors of c?
5, 23
Suppose -12*s - 1474 = -23*s. List the prime factors of s.
2, 67
Suppose 2*n + 56 = -0*n. List the prime factors of 74 - (n/4 + 4).
7, 11
Let p be (0 - -3) + -6 - -7. Suppose 10*y - 8*y = 0. Suppose y = -d + n + 15, p*d = 5*d - 2*n - 19. List the prime factors of d.
11
Let g(w) = -2*w**3 - 42*w**2 - 45*w - 44. List the prime factors of g(-20).
2, 7
Let r = -1482 - -2084. List the prime factors of r.
2, 7, 43
Suppose 4*s - c = 61, c + 0 = -1. Suppose 5*n + 57 + s = g, 0 = -2*g + 5*n + 129. Let u = g - 26. List the prime factors of u.
31
Let t(c) = -3*c - 19. Let x be t(-7). What are the prime factors of (90 - -3)/(2/x)?
3, 31
Let k be -1*(-1)/(-3)*-6. Suppose 2*t - 12 = -k*t. Suppose t*h - 2*l - 93 = 3, -5*l + 15 = 0. What are the prime factors of h?
2, 17
Suppose -a + 20 = -7. Suppose 3*c - 48 - a = 0. Let j = c + -5. List the prime factors of j.
2, 5
Let n(s) = s + 1. Let j be n(-1). Suppose 0*u - u + 26 = j. List the prime factors of u + 4/(4/(-3)).
23
Suppose 0 = 3*h + 3*r - 5790, 46*h - 51*h + 9643 = -2*r. What are the prime factors of h?
3, 643
Suppose -k + 2*g + 12 = 0, 69 = 4*k - 5*g + 18. Let i = -29 + k. What are the prime factors of -1 - 10/i*6?
3
Let b(h) = -h**2 + 8*h - 6. Suppose -4*x + x + 18 = 0. Let t be b(x). Suppose 0 = 2*s - t, 0*m = -5*m + 3*s + 31. What are the prime factors of m?
2
Suppose 31*p = -18969 + 202768. List the prime factors of p.
7, 11
Suppose 20*n - 189 = 17*n. List the prime factors of n.
3, 7
Suppose l + 3*l = -a + 28, 5*a = -l + 7. What are the prime factors of ((-77)/(-2))/l + 2/(-4)?
5
Suppose 7*h = 9718 - 933. What are the prime factors of h?
5, 251
List the prime factors of 1/((-6)/620)*(-180)/75.
2, 31
Let q = 8008 - 4802. What are the prime factors of q?
2, 7, 229
Suppose 5*a - 10 = 3*a. Suppose i + 6 = a*c - 21, 3*i - 19 = -5*c. Suppose 11 + 9 = 5*h, -52 = -2*v + c*h. List the prime factors of v.
2, 3
Let h be 34 + (-30)/(-4)*(-26)/(-39). Suppose -45 = -5*i - a, 3*i + 5*a - 34 = 3*a. Let l = h - i. List the prime factors of l.
31
Let a = -130 + 33. Let d = a - -136. List the prime factors of d.
3, 13
Suppose -8*l + 4*l + 3780 = -4*u, 4*u = 20. List the prime factors of l.
2, 5, 19
Let b be (56/10)/(5/25). Let m = b + -26. Suppose -m*j = -18 - 18. List the prime factors of j.
2, 3
Suppose 2*q - 5*q = -288. Suppose 5*t - h + 4*h = q, t - 2*h - 14 = 0. List the prime factors of t.
2, 3
Let n(m) = m**2 - 2*m + 8. Let c be n(0). Suppose 56 = c*i - 6*i. What are the prime factors of i?
2, 7
Suppose 0*t = -2*t + 4. Suppose -v + 6 - t = 0. Suppose 0 = x - 5*f - 0 - 6, -175 = -5*x - v*f. What are the prime factors of x?
31
Let b(l) = 24*l**2 - 5*l - 11. Let w be b(-3). Suppose -w = -4*f + 196. What are the prime factors of f?
2, 13
Suppose 6 = 7*u - 57. Let z(n) = n**3 - 6*n**2 - 12*n + 18. What are the prime factors of z(u)?
3, 17
Let m(q) = 5*q**3 + 3*q**2 - q + 1. Let c be m(2). Suppose -2*v - 1 - c = 0. Let y = v + 74. List the prime factors of y.
2, 3
Let m be (68/(-3))/(11/(-66)). Suppose 9*c = 5*c + m. What are the prime factors of c?
2, 17
Suppose 7*r - 10*r = -855. Suppose -q - 187 = -2*i, -3*q + 6*q = 3*i - r. What are the prime factors of i?
2, 23
Suppose 0 = 5*s + z - 238 - 1292, 0 = 2*z. Suppose -61 = 5*r - s. List the prime factors of r.
7
Let x(o) = o**2 - 7*o - 9. Let d be x(12). Suppose d*b = 48*b + 801. List the prime factors of b.
3, 89
List the prime factors of ((-2 - -830)/9)/(2/22).
2, 11, 23
Suppose -111 = -7*q + 1576. List the prime factors of q.
241
Let q(t) = 2*t - 15. Let b(g) be the first derivative of -g**4/4 + 5*g**3/3 + g**2/2 + 6*g - 8. Let i be b(5). What are the prime factors of q(i)?
7
Suppose 0 = -6*s - 28 - 14. Let p(q) = q**2 - 6*q - 14. What are the prime factors of p(s)?
7, 11
Let u = -50 + 3699. List the prime factors of u.
41, 89
Suppose 5*c - 364 + 259 = 0. What are the prime factors of c?
3, 7
Suppose -4*p = -0*p. Suppose p = -10*x + 6*x + 332. List the prime factors of x.
83
Let m(t) be the first derivative of 70*t**3 - 7*t**2/2 - t + 10. List the prime factors of m(-1).
2, 3
What are the prime factors of 78560/144 - (-8)/18?
2, 3, 7, 13
Let b = 26 + -23. Suppose 4*s - b*f = 2*s + 105, 2*f - 10 = 0. What are the prime factors of s?
2, 3, 5
Let j be 2/(-4)*112/28. Let i(w) = -95*w - 11. List the prime factors of i(j).
179
Let r(k) = k - 2. Let u be r(8). Suppose u*q - 9*q = 372. Let y = q - -174. What are the prime factors of y?
2, 5
Let j(p) = p**3 + 6*p**2 - 7*p + 5. Let m be j(-7). Suppose m*w = 29 - 4, -4*w = -4*l + 52. Suppose 3*o - 12 - l = 0. What are the prime factors of o?
2, 5
List the prime factors of 450/(-300) - (-3409)/2.
13, 131
Let f(q) = -2*q + 21. Let c be f(11). Let l(b) = 133*b**2 + 2*b + 2. What are the prime factors of l(c)?
7, 19
Let n(q) = q**3 - 23*q**2 + 34*q + 67. List the prime factors of n(22).
331
Let o(w) = -w + 2. Let a be o(0). Suppose 0 = a*l - 7*l - 50. Let p = l + 25. What are the prime factors of p?
3, 5
Let g = 9 + 380. List the prime factors of g.
389
Suppose 4 = -3*p + 34. Suppose x = -x + p. What are the prime factors of x?
5
Let o(q) = -677*q**2 - 2*q - 1. Let p be o(-1). Let m = -452 - p. Suppose m = 4*d + 20. List the prime factors of d.
3, 17
Let j(a) = a**3 - 8*a**2 - 10*a + 12. Let r be j(9). Suppose -5*h + 739 = 4*f, 9*f = 4*f - r*h + 927. What are the prime factors of f?
2, 3, 31
Let g = 457 + -75. List the prime factors of g.
2, 191
Suppose -20